-4 - -5). Let j = v + f. What is the units digit of j?
2
Let i(h) = h**2 + 5*h - 1. Let x be i(-8). Let b = x + -10. What is the units digit of b?
3
Let d(c) = 3*c + 17. Let n(k) = -k - 9. Suppose -2*r + 4 = -4. Let w(q) = r*d(q) + 9*n(q). What is the tens digit of w(9)?
1
Let j(t) = 36*t**2 - t. Let o be j(-1). Let a = o - 14. What is the units digit of a?
3
Suppose 447 = -108*v + 111*v. What is the hundreds digit of v?
1
Let o(f) = 5*f**2 + 3*f + 3. Suppose w - 2 = -m, 5*m - 2*w + 4*w = -2. What is the tens digit of o(m)?
1
Let m be (2/3)/((-8)/12). What is the units digit of -2 + 18 - (m + 4)?
3
Let w(d) = -d**2 - 8*d - 8. Let u be w(-6). Suppose 0*o = 2*o - u. Suppose -5*i + 2*h + 16 + 19 = 0, 0 = i - o*h + 1. What is the units digit of i?
9
Suppose 4*q - 1 = -5. Let b = 5 - q. What is the units digit of 3/(2/b + 0)?
9
Suppose 24 = 4*d - 20. Let g(p) = -p**3 + 11*p**2 + 2*p - 16. What is the units digit of g(d)?
6
Let d(h) = h**2 + h - 9. What is the units digit of d(4)?
1
Let t = -135 - -228. What is the tens digit of t?
9
Suppose -54 = 5*u + t, t = -2*u - 0*u - 21. Let f = 0 - u. What is the units digit of f?
1
Let x = -43 - -30. Let o = 18 + x. What is the units digit of o?
5
Let d(v) be the second derivative of v**5/20 + 5*v**4/12 - 7*v**3/6 + 3*v**2/2 + 2*v. Let z be ((-18)/(-4) - 3)*-4. What is the units digit of d(z)?
9
What is the tens digit of 1 + 0 - ((-79 - -1) + 1)?
7
Suppose 3*t = -v - 0*v + 55, -4*t - 5*v + 88 = 0. What is the units digit of t?
7
Let b be 3/12 + 3/4. Suppose -2*k + 5*k - 3*h = -3, 3*k + h = 1. Let t = b - k. What is the units digit of t?
1
Let i = 1 - -6. Suppose -3 = -u - 5*w, w = -u - 0*w + i. What is the units digit of u?
8
Suppose 3*v = 8*v + 15. Let i(y) = -4 + 3*y - y**2 + y**2 + 2*y**2. What is the units digit of i(v)?
5
Suppose 4*l + 540 = 3*u - 0*u, 4*u - 2*l = 730. What is the hundreds digit of u?
1
Let h(m) = -10*m + 12. What is the tens digit of h(-7)?
8
Let f be 3/((-33)/17 + 2). Suppose -f + 6 = -5*x. What is the units digit of x?
9
Suppose s - r - 256 = -2*s, -3*r + 178 = 2*s. What is the units digit of s?
6
Let u be (-3)/6*1*-36. Suppose 3 - u = -5*b. What is the units digit of b?
3
Let s be (-18)/(-5) - (-9)/(-15). Suppose q - o = o - 1, -9 = -5*q + s*o. What is the units digit of q?
3
What is the units digit of ((-2)/(-4)*-2)/(2/(-590))?
5
Let v be (48/20)/((-3)/(-10)). Let j = 29 - v. What is the tens digit of j?
2
Let z = 550 - 259. What is the tens digit of z?
9
Let p(b) = b**3 + 8*b**2 + b + 11. Let n be p(-8). Suppose -2 = -l + n. What is the units digit of l?
5
Suppose -109 - 1771 = -10*b. What is the units digit of b?
8
Let q = -17 - -11. What is the units digit of -2*9/q - -4?
7
Suppose -6*s + 17 = -2*s - i, -22 = -5*s + i. Suppose s*y + 13 = 3. What is the units digit of 10/3*(y - -5)?
0
Let v(d) = d**3 + 5*d**2 - 2*d - 4. What is the units digit of v(-5)?
6
Suppose q + 3 = -3*k - 8, 0 = 2*q + k - 3. Suppose -3*v = -0*f - 3*f - 81, q*f = -20. What is the units digit of v?
2
Suppose -g + 3*y = -11, -3*g = 2*g - 5*y - 25. Let q = -2 + 8. Suppose -30 = -5*k - 5*z, 5*z - g*z - q = 3*k. What is the units digit of k?
2
Let o = 137 + -86. What is the tens digit of o?
5
Suppose -2*k + 10 = 0, -k + 89 = 3*b + 6. What is the units digit of b?
6
Suppose -6*f = -8*f + 20. What is the tens digit of f?
1
Suppose -3*k = -11 - 10. What is the units digit of k?
7
Let q(r) = 3*r - 3 - 2*r + r - r**3 + 4*r**2 + 4. What is the units digit of q(4)?
9
Suppose -k + y = 3*y + 7, -4*k = 3*y + 3. Let x(m) = m**3 - m**2 - 3*m - 3. What is the units digit of x(k)?
6
Let x(z) = -62*z + 9. What is the hundreds digit of x(-2)?
1
Let x(f) = f**3 - f**2 + 9*f - 9. What is the tens digit of x(5)?
3
Suppose 0 = 2*b - 5*w - 18 - 13, b - 8 = w. Suppose m - 3*m = -b*p - 13, -3*p = 9. Suppose 3 = t - m. What is the units digit of t?
5
Let n(y) = y**3 - 9*y**2 + 8*y + 10. Let g be n(8). What is the units digit of g - -1 - (-4 + 6)?
9
Suppose -3*j - 26 = -113. What is the tens digit of j?
2
Let j = -8 + 13. Suppose 0*i = j*i. Suppose 20 = -i*p + 4*p. What is the units digit of p?
5
Let g = 1 + 3. Suppose 2*f = -g, 0 = -0*n + 4*n - 2*f - 48. Suppose 0 = 3*l + 2*d - n, 5*l - 2*d = -3. What is the units digit of l?
1
Suppose b = 4*b - 237. What is the tens digit of 21/14 - b/(-2)?
4
Suppose 4*k = -5*i - 18, -k - 6 = -4. Let j be 18*((-18)/(-4) + i). Let d = -32 + j. What is the units digit of d?
3
Let n = -15 - -241. What is the tens digit of n?
2
Let x(q) be the third derivative of q**7/1008 - q**6/720 + q**5/60 + 3*q**2. Let s(r) be the third derivative of x(r). What is the units digit of s(2)?
9
Suppose f = -1 + 2. Let m be 0 + 3 + (-4 - 5). What is the units digit of 0 - f/1 - m?
5
Suppose 4*j + 32 - 8 = 0. Let r(s) = -6*s + 2. Let z(u) = u. Let h(o) = r(o) + 4*z(o). What is the tens digit of h(j)?
1
Let q = -5 - -5. Suppose t - 41 - 9 = q. What is the tens digit of t?
5
Let v be 4/(-10) - 136/(-40). Let o(g) = -9*g. Let c be o(-1). Suppose -3 = -p + 5*s, v*p - s - 2*s - c = 0. What is the units digit of p?
3
Let n(q) = q**2 + 5*q - 10. Let d be n(-7). Suppose 64 = 8*j - d*j. Suppose 4*l - 2 = -p + 19, 0 = 4*p - l - j. What is the units digit of p?
5
Let z(h) = -h**2 + 4*h + 1. Let m be z(3). Suppose 0*g - m*g = -12. What is the units digit of g?
3
Suppose 0*l - 5*l = 0. Let c be (-1)/(l + 3/18). Let j(z) = -z + 1. What is the units digit of j(c)?
7
Let n(h) = 4*h - 42. Let m be n(9). Let i(t) = -t**3 - 2*t**2 + t + 1. Let c be i(-3). Let q = c + m. What is the units digit of q?
1
Let v(p) = -5*p + 13. Let u(o) = 2*o - 4. Let i(q) = 7*u(q) + 2*v(q). What is the units digit of i(2)?
6
What is the units digit of (176/(-28) - -2)*-28?
0
Let q(v) = 2*v + 49. What is the units digit of q(0)?
9
Let f be (-552)/(-39) + 2/(-13). Suppose -n + f = -20. What is the tens digit of n?
3
Let c = 8 - 21. Let d = 1 - c. What is the tens digit of d?
1
Let b = 233 + -160. What is the units digit of b?
3
Suppose -3*x - 4*i - 11 = -3, -2*x - 2*i = 4. Suppose x = z - 4 - 14. What is the tens digit of z?
1
Suppose -3*s + 48 = -45. What is the tens digit of s?
3
Let z = 47 + -83. Let d = z - -54. Suppose 0 = -x + 4*s + d, 0 = 3*x - 2*s - 14. What is the units digit of x?
2
Suppose 6 = -4*y + 5*y. What is the units digit of y?
6
Let y(v) = v - 1. Let x be y(-5). Let z = x + 40. What is the units digit of z?
4
Suppose 3*y = -6, 2*y = -3*h - 0*y - 94. Let l = 95 + -47. Let a = h + l. What is the units digit of a?
8
Suppose y - 3 = -17. What is the units digit of 4/y - 32/(-14)?
2
Let p = 32 - 8. What is the units digit of 142/12 - (-4)/p?
2
Suppose -5*b + 188 + 401 = 3*l, 5*l = -4*b + 960. What is the tens digit of l?
8
Let t = -5 + -1. What is the units digit of 1/(3/t) + 6?
4
Let g = -9 + 14. Suppose -i + 0*r = -5*r + g, -4*i + 18 = -r. What is the units digit of i?
5
Let a be 6/1 - 0/2. Let i = 1 - 3. Let y = a + i. What is the units digit of y?
4
Suppose -8*d + 517 = -675. What is the tens digit of d?
4
Let k be (-36)/15*(-20)/6. Suppose 0 = w - 2 - k. What is the tens digit of w?
1
Let q be 120/32 - 1/(-4). What is the units digit of (-297)/(-18) - 2/q?
6
Let h(v) = -v + 4. Let s be h(4). Let n be ((-2)/(-5))/((-4)/(-20)). Let m = s + n. What is the units digit of m?
2
Let q = 2 - 0. Let m be 0*(-2)/2 + 3. Suppose 4*y - m*y - q = 0. What is the units digit of y?
2
Let a = 49 - 6. What is the tens digit of a?
4
Suppose 0 = 2*w - 7*w + 15. Suppose -w*v = 5*p - p - 25, 32 = 4*v + 4*p. Let t(u) = -u**3 + 8*u**2 - 7*u + 4. What is the units digit of t(v)?
4
Let z(y) be the third derivative of y**4/24 + 13*y**3/6 + 6*y**2. What is the units digit of z(-10)?
3
Suppose -7*m = -166 - 163. What is the units digit of m?
7
Suppose o - 38 = 2*t, -68 = 4*o - 5*t - 223. Suppose o = 5*h + 2*p, 2*p - 16 = -h - 0*h. What is the units digit of h?
6
Suppose 3*j - 4*j + 4 = 0. Suppose 7*f - 2*f + 15 = 0, -j*x = 3*f + 1. What is the units digit of x?
2
Suppose 2*s - 5*s = 0. Suppose i + 0*i - j - 4 = s, 4 = -i + 3*j. Let l = 14 - i. What is the units digit of l?
6
Let s = 86 + -26. What is the units digit of s/9*(-15)/(-4)?
5
What is the hundreds digit of 215*(3 - 1/((-1)/(-2)))?
2
Let q(d) = d**2 - 7*d - 27. What is the tens digit of q(-14)?
6
Suppose 0 = -2*